73*m - 13315. Let h be v(-77). Suppose 36 = -5*p - 14. Let d be (-96)/p*(0 + 5). What is the greatest common divisor of d and h?
6
Suppose 3*d - 82 = 140. Suppose d*y + 448 = 82*y. Calculate the highest common divisor of y and 8.
8
Suppose -3*t - 15 = -4*t. Suppose 2*j - 84 = -5*n + 43, -n + 28 = 3*j. Calculate the highest common factor of t and n.
5
Let b be ((-88)/55)/(2 - 8/5). Let y be b/(-12)*-2 + 517/33. Calculate the highest common factor of y and 135.
15
Let a = 300 - 272. Let p be (31 - a) + (-3)/(-1). Let j be 2*-6*(-4)/2. Calculate the highest common factor of j and p.
6
Suppose -10*p = -5*p - 10. Suppose p*v + x - 177 = 0, 4*v - 216 = 3*x + 133. What is the highest common factor of v and 44?
44
Let j(x) = 11*x - 36. Let p(s) = -s**3 - 19*s**2 - 86*s - 15. Let d be p(-12). Let r be j(d). Calculate the highest common divisor of r and 72.
9
Let y(f) be the second derivative of f**3/6 - 9*f. Let o be y(3). Suppose 6*l - 9 - 9 = 0. What is the greatest common divisor of l and o?
3
Suppose 43890 + 224973 = 79*g + 98*g. What is the highest common factor of 31 and g?
31
Suppose -5*u - 3*h + 475 = 0, 0 = -4*u - 2*h + 3*h + 380. Let b = 139 - u. Suppose -60 = -2*o + 116. Calculate the highest common divisor of b and o.
44
Let w be ((-3)/2)/(1/2*-3). Suppose 0*y = -4*p + 4*y, -5*p + 3*y + 4 = 0. What is the highest common factor of w and p?
1
Let w = 40 + 10. Suppose -5*r - 5*c = 35, 0 = -3*r + 2*c - 0 - 31. Let a be -6*r/(135/1000). What is the highest common factor of a and w?
50
Let w(h) = h**3 - 18*h**2 - 4*h + 20. Let v be w(18). Let d = v + 48. Let z be (-8)/d - 106/(-2). Calculate the highest common divisor of z and 5.
5
Let n be -9*1*(-1 + -22). Suppose -15 = -5*d, 4*s - 221 = 4*d + 135. Calculate the greatest common factor of n and s.
23
Suppose -70*p - 2588 + 7926 = -18322. Calculate the greatest common divisor of p and 416.
26
Let a = -19539 + 25230. What is the greatest common factor of 21 and a?
21
Let q = 484 + 2336. What is the greatest common divisor of 15 and q?
15
Let b be 4*(-4 + 13 - 3). Let x be 1/2*-2 + 1 + -1. Let u be (-8)/((x - 7/(-6))*-3). What is the highest common divisor of b and u?
8
Suppose 2*h - 3*t - t = 62, 0 = 3*h + 4*t - 73. Let v(o) = o**3 + 2*o**2 - 37*o - 75. Let q be v(-6). What is the highest common factor of h and q?
3
Suppose -4*y + 962*n = 963*n - 16686, 0 = -4*n + 8. Calculate the highest common factor of 776 and y.
97
Let o(n) be the second derivative of -n**5/20 + 7*n**4/4 + 17*n**2 - 86*n. Let k be o(21). What is the greatest common divisor of k and 119?
17
Suppose 16*t + 10*t + 52 = 0. Let b be t + -1 + (10 - -18). What is the greatest common divisor of 75 and b?
25
Suppose 22*i = 643 - 203. Let k be i - ((2 - 4) + 8). Suppose l - 5*r = 132, 3*r - 443 = -5*l + 105. What is the greatest common factor of k and l?
14
Let g = -16800 - -18420. Calculate the greatest common divisor of 495 and g.
45
Let f(b) = -b**3 + 53*b**2 + 321*b + 90. Let p be f(58). What is the greatest common divisor of 3186 and p?
118
Let j be (70 - 1)*(-5 - (10 + -52)). Calculate the greatest common divisor of 111 and j.
111
Let y(d) = -d**2 + 88*d - 1630. Let q be y(35). What is the highest common divisor of 153 and q?
9
Suppose -5*n + 9*n = 32. Suppose 4*k = 2*k - n, 317 = 5*x + 2*k. Let c = 107 - x. What is the greatest common divisor of c and 105?
21
Suppose 213*l - 13977008 = -155*l. What is the greatest common divisor of l and 19?
19
Let x(a) = -a**2 - 8*a - 15. Let g be x(11). Let n = g - -152. Let b = -67 - n. What is the greatest common divisor of 45 and b?
5
Let t be (0 + 10/3)*6. Let v(c) = -2*c**3 + 79*c**2 + 51*c - 180. Let s be v(40). What is the greatest common factor of t and s?
20
Suppose 0 = -3*z - 2*w - 984, -5*z - 4*w - 1635 = w. Let p = -283 - z. What is the greatest common factor of 235 and p?
47
Suppose 4 = o - 30. Suppose 3*g + 0*g - 2*h = o, 0 = -4*g - 2*h + 64. Suppose 6*d - g = 10. What is the greatest common divisor of 36 and d?
4
Suppose h + v = 20 + 79, -5*h + 3*v = -455. What is the highest common factor of h and 3478?
94
Suppose 41 - 57 = 2*s. Let p = 12 + s. Suppose 304 - 44 = p*g. Calculate the greatest common factor of 13 and g.
13
Let a be (4/4)/((-15)/6 - (-297)/108). Let j = 8 + -5. Suppose 0*f + 2*f = -a*c - 2, -c - 32 = -j*f. Calculate the greatest common factor of 12 and f.
3
Let s(j) = 12*j - 72. Let a be s(21). Calculate the greatest common factor of a and 684.
36
Let z(i) = i**2 - 15*i - 34. Let g(s) = s - 7. Let l be g(8). Let w be 19 - (0 - l - -2). Let q be z(w). What is the greatest common divisor of q and 10?
10
Suppose 7*m + 180 = -8*m. Let k be (m/5)/((-6)/200) - 2. Let p = k - 22. What is the highest common factor of 7 and p?
7
Suppose z + 5*r = 43, 5*z - 259 = -7*r + 4*r. Calculate the greatest common divisor of 11183 and z.
53
Let x be 4/((6 + -5)*(-2 + 3)). Suppose 0*j = -j - 4, -1139 = -3*q - x*j. Calculate the highest common divisor of 35 and q.
35
Let s = -15996 - -15999. Calculate the highest common divisor of s and 151.
1
Suppose 4*k = s - 8, -2*k + s = -2 + 4. Let t be (k + 2 - (-26 + -1))*2. Calculate the greatest common divisor of t and 65.
13
Let d(p) be the first derivative of -p**4/2 + 8*p**3 + 28*p - 29. Let b be d(12). What is the highest common factor of b and 12?
4
Let g be 2904*27/12*2/6. Let q be (24/(-16))/((-3)/g). What is the highest common factor of q and 9?
9
Let x = 4 - 2. Suppose x*t = -7 + 43. Let d = 94361 + -94289. Calculate the greatest common factor of d and t.
18
Let u(g) = g - 9. Let w be u(-6). Let c = -13 - w. Suppose -8*m - 26 = -42. What is the highest common divisor of c and m?
2
Let j be -8 + -2 + 3 - 50/(1100/(-1122)). What is the greatest common divisor of j and 275?
11
Let z = -23 - -21. Let h = 13 + z. Let j be (9 - 203/21) + 5/3. Calculate the greatest common factor of j and h.
1
Suppose -m = 2*i - 7*i + 314, -132 = -2*i + 2*m. Calculate the highest common factor of i and 217.
31
Let l be (-7 - -5)*-1 - 0/1 - -64. Calculate the highest common divisor of 902 and l.
22
Suppose -247 = -2*z + 2*i - 53, 3*z - i = 301. What is the highest common factor of z and 4726?
34
Let f be ((-48)/(-20)*9)/(2*12/560). Calculate the greatest common divisor of 63 and f.
63
Let d(l) = l**3 + 28*l**2 + 31*l + 103. Let q be d(-22). What is the highest common divisor of 225 and q?
75
Let z be ((-132597)/54)/(30/(-80)). Calculate the highest common divisor of 4 and z.
4
Suppose -4*r = 2*y - 8, 5*y + 2 - 7 = -5*r. Suppose 8*l - 1782 = -r*l. Suppose 7*d = d + l. What is the highest common divisor of d and 135?
27
Let x = 961 + -675. Suppose -7*g + 106 = 4*w - 6*g, 2*g = w - 22. Calculate the greatest common factor of x and w.
26
Suppose 0 = -2*x - 164 + 954. What is the highest common divisor of x and 5?
5
Suppose 0 = -161*g + 164*g - 27. What is the greatest common divisor of g and 37?
1
Let s(j) be the first derivative of 7*j**2 + 25*j + 19 + 1/3*j**3. Let v be s(-13). What is the highest common divisor of 132 and v?
12
Let v = 18 + -17. Let n(k) = 78*k**2 - 5*k + 3. Let a be n(v). Calculate the greatest common divisor of a and 114.
38
Suppose -x - 1775 = -6*x + 2*y, -328 = -x - 5*y. Let n = -319 + x. Calculate the greatest common divisor of 986 and n.
34
Let x(q) = -7*q**2 - 39*q + 15 + q**3 - 5 + 14 + 11*q. Let f be x(11). Calculate the greatest common factor of f and 40.
40
Let q be (0 + -1)*(6 - (2 - -7)). Suppose -45 + 2 = -k - f, 0 = -5*k + q*f + 255. Calculate the greatest common divisor of 12 and k.
12
Let h = 77 + 130. Suppose 7623 = 1139*t - 292*t. Calculate the highest common factor of t and h.
9
Let z be 4*1 + (-10)/((-250)/4175). Calculate the greatest common divisor of 72 and z.
9
Let v be -303*(-17 + 528/36). What is the highest common divisor of v and 147?
7
Suppose o = -14*o + 199 + 701. Calculate the greatest common factor of o and 996.
12
Let y(f) = -12*f**3 - 7*f**2 - 51*f + 40. Let n be y(-9). What is the greatest common divisor of n and 31?
31
Let z = 4826 - 4801. Calculate the greatest common factor of z and 37500.
25
Let x(g) = 38*g - 289. Let y(t) = -34*t + 9. Let v be y(0). Let z be x(v). Let h be 1276/6 - 4/6. Calculate the highest common factor of h and z.
53
Suppose 4*k + 110 = c, -5*c - 5*k + 450 = -0*c. Let s = 234 - c.